l)/((-2)/168)?
2, 3, 7
Let t = 142 - 130. Let p(s) = 5*s - 32. What are the prime factors of p(t)?
2, 7
Let a = -12104 + 18652. List the prime factors of a.
2, 1637
Suppose 5*v = -2*z - 2*z + 1, 2*v - 6 = -3*z. Suppose 0 = z*k - 16, w - 13 = -2*w - k. Let m(d) = 7*d**2 + 5. List the prime factors of m(w).
2, 17
Let c = -2 - -5. Suppose 3*o - 2 = n - 18, 3*n - c*o = 24. Suppose -71 = n*i - 303. What are the prime factors of i?
2, 29
Let i(b) = -114*b - 120. Let a be i(-14). Let v = -868 + a. List the prime factors of v.
2, 19
Let t(y) = 1515*y**2 + 33*y + 1. List the prime factors of t(3).
5, 41, 67
Let f(b) = 719 + 17*b + 88 + b**2 + 3*b**2 + 95 - 3*b**2. What are the prime factors of f(0)?
2, 11, 41
Suppose -k + 15 = 10*r - 13*r, 0 = -2*k - 3*r - 15. Let z(j) = 2*j**2 + j + 160. List the prime factors of z(k).
2, 5
Suppose -2*j + 4*d + 12 = 0, -5*j - 2*d + 6 = -3*j. Suppose -j*v + 358 + 122 = 0. List the prime factors of v - (-3 + (-21)/(-6))*0.
2, 3, 5
Suppose 0 = 5*b + 3*x - 3897 - 15642, 0 = -3*x - 6. What are the prime factors of b?
3, 1303
Suppose -22*c - 4200 = 1366. Let j = 560 + c. List the prime factors of j.
307
Suppose -k - 21*p + 14544 = -20*p, -15 = 3*p. What are the prime factors of k?
14549
Let s(f) = -f**2 + 13*f + 32. Let r be 4/1 - (-9 - 2). Let a be s(r). Suppose 20 = -6*c + a*c, 0 = 4*i - c - 377. What are the prime factors of i?
3, 31
Let n(o) = 2*o**2 + 9*o - 7. Let k be n(-10). Suppose 2*t - 82 = -q, 3*q = 19*t - 22*t + 261. Let u = k - q. What are the prime factors of u?
11
Let i = 992 - 987. Let x(a) = 5*a - 5. Let u be x(4). Suppose -n - u = -5*z, -i*n + 6*n = -4*z + 30. List the prime factors of n.
2, 5
Let s be (-2 - -7)*6/10. Suppose t - 4*f - 144 = -f, t + s*f - 156 = 0. List the prime factors of t.
2, 3, 5
Let k be (66 - -1)/(18/180). Suppose 2326*o - k = 2325*o. List the prime factors of o.
2, 5, 67
Suppose 4*s - w + 0*w = 20, -6 = s - 3*w. Suppose -q - 3*f = -5, -3*q + s*q - 4*f - 2 = 0. What are the prime factors of (-265)/(-10)*q/1?
53
List the prime factors of 13943 + 12 + -5 + 4.
2, 6977
Let t = 14510 + -8346. What are the prime factors of t?
2, 23, 67
Let w = -239 + 243. Suppose -w*g + 755 = -1861. What are the prime factors of g?
2, 3, 109
Let v(d) = -5*d + 10. Let a be v(3). Let i be a + (4 + -1 - 4). List the prime factors of (-6)/10 + i*205/(-50).
2, 3
Let c = 4776 - 4575. Let i be -2*(-2)/(4/(-59)). Let z = c + i. What are the prime factors of z?
2, 71
List the prime factors of 3*2 + 10814 + 17 - (-3)/(-1).
2, 5417
Let c = 914 - -3844. List the prime factors of c.
2, 3, 13, 61
Let l(f) = f**3 + 53*f**2 + f + 100. List the prime factors of l(14).
2, 37, 179
Let i = 7 + -4. Let a(x) = 4*x**3 + 4*x**2 - 5*x - 26. Let f(s) = 5*s**3 + 3*s**2 - 5*s - 27. Let y(j) = i*f(j) - 4*a(j). List the prime factors of y(-9).
2, 5, 7
Let a be (-1026)/243 - ((-48)/(-27) - 2). What are the prime factors of (-3)/a*171404/219?
587
Let o = -856 - -854. What are the prime factors of 37*((-10)/o)/(3 - 2)?
5, 37
Suppose -214*v + 21771504 = 100*v. What are the prime factors of v?
2, 3, 107
Suppose 0 = -5*v - 10, 5*k + 28 = -0*v + v. List the prime factors of 936/12*-5*3/k.
3, 5, 13
Suppose 38*b = 60*b - 43846. Suppose -2*o - 3*z = -z - 1998, -2*o - z = -b. List the prime factors of o.
2, 7, 71
Let x be 180/(-315)*7/(-2). Suppose x*s = t - 376, -9*s = -5*s - 20. What are the prime factors of t?
2, 193
Let r(w) = 3*w - 8*w + 5 - 1. Let y be r(2). Let n(b) = -3*b - 3. List the prime factors of n(y).
3, 5
Suppose 1593 = -b + 4*b. Suppose 5*g - 1 + 11 = 0. What are the prime factors of 1 - (b/(-3) + g)?
2, 3, 5
Let h be (17 + -8)*(-1)/(-3). Suppose v + 3*v = r + 15, 0 = 2*v - h*r + 5. Suppose v*q + 190 = 7*q. List the prime factors of q.
5, 19
Suppose 117*m - 841124 = 115468. List the prime factors of m.
2, 7, 73
Let p be (-4)/40 - 205/(-50). List the prime factors of 9324/8 + 2/p.
2, 11, 53
Suppose -4*i = 43*t - 41*t - 152126, -t + 76048 = 5*i. List the prime factors of t.
127, 599
Suppose s - 5*v = 64743, -3*s + 0*v = 2*v - 194127. What are the prime factors of s?
3, 11, 37, 53
Let f be (12/5)/(15/(-50)). Suppose -332 = 6*m - 320. List the prime factors of (m + 97)/(f + 9).
5, 19
Let f = -35699 + 72872. List the prime factors of f.
3, 12391
Let i(o) = 96*o**2 + 0 - 2*o**3 - 96*o**2 - 2*o - 3. Let h be i(-3). Suppose 73 = p - h. List the prime factors of p.
2, 5, 13
Let k(j) = 20*j**2 + 22*j + 16*j**2 - 48*j**2 + 15*j**2 + 110. List the prime factors of k(-19).
5, 31
Let o(p) = -2*p**3 + 7*p**2 - 25*p + 74. Let q be o(4). Suppose 4*v + d = 3, 0*v + 4*v + 3*d - 9 = 0. Let m = v - q. What are the prime factors of m?
2, 3, 7
Let v be (16/6 - 2)*-3. Let x be 2 - -2 - (-4)/v. Suppose x*w = 7*w - 235. List the prime factors of w.
47
Let h(b) = -b**2 - 90*b - 217. Let s be (6 + 648/(-18))*(-12)/(-10). List the prime factors of h(s).
11, 157
Let p(f) = -4947*f - 64. What are the prime factors of p(-3)?
7, 2111
Let q be 7 + (-1)/2 + 15/(-30). List the prime factors of (-1182)/(-21) + q/(-21).
2, 7
Suppose 0 = -15*d + 13*d - 106. Let i = 58 + d. Suppose -5*a - 4*l + 1043 = 0, -i*a - 232 + 1299 = -4*l. What are the prime factors of a?
211
Suppose 0 = x - 1, -8*x + 7*x = -5*q - 31. Let w(i) = i**3 + 5*i**2 - 58*i - 8. What are the prime factors of w(q)?
2, 19
Let r = 6748 + -532. List the prime factors of r.
2, 3, 7, 37
Let i(c) = 446*c**3 + 32*c**2 + 29*c - 56. What are the prime factors of i(4)?
2, 29, 251
Suppose -10 = -5*b, -5*b + 76 = 3*q + 45. Let w = 72 + -37. What are the prime factors of (780/w)/(-1*(-1)/q)?
2, 3, 13
List the prime factors of 64380/14 - (-18 + 2600/140).
2, 11, 19
Suppose -43*m + 192065 = 64*m. What are the prime factors of m?
5, 359
Let r(t) = -3*t + 35. Let y be r(11). Let z(s) = -2*s**2 - 13*s + 2*s**2 - 21 + y*s**3 + 13*s**2 - 3*s**3. What are the prime factors of z(10)?
149
Let m(o) = -7*o**2 + 3*o + 72. Let k(l) = 8*l**2 - 3*l - 72. Let u(v) = -6*k(v) - 7*m(v). List the prime factors of u(11).
2
Suppose 0 = -3*r + 2*h + 148347, r - 17607 = 2*h + 31854. What are the prime factors of r?
3, 16481
Let m = 7 + -5. Suppose 2*a - a - 3 = 0. Suppose m*x - 10 = -a*x. List the prime factors of x.
2
Suppose 0 = 2*o - 25 + 45. Let p(r) = r**3 + 8*r**2 + 7*r - 4. Let t be p(o). Let q = t - -506. List the prime factors of q.
2, 29
Suppose 2*i + 2*i - w = 262, -2*i + 124 = 3*w. Let c = i - 62. Suppose c*r = 5*r - 8, 4*n = r + 588. List the prime factors of n.
2, 37
Suppose 31*s - 121 = 20*s. Suppose -18*u + 7280 = -s*u. List the prime factors of u.
2, 5, 13
Suppose -a = -3*a + 4*i + 804, 4*i = 20. Suppose a = -0*g + g. List the prime factors of g.
2, 103
Suppose 0 = 407*i - 31700821 + 7912078. What are the prime factors of i?
3, 19483
Let u(z) = -2*z**3 - 48*z**2 - 68*z - 5. What are the prime factors of u(-24)?
1627
Suppose -426881 - 40414 = -46*j - 88623. List the prime factors of j.
2, 3, 7
Suppose -3*v - 5 = -17. List the prime factors of (-1 - v)/(3 - (-356)/(-118)).
5, 59
Let y(f) = 46*f**2 + 2*f + 4. Suppose -44 = -13*p - 174. Let j be 26/p - (-48)/80. List the prime factors of y(j).
2, 23
Let x(j) = j**3 + 6*j**2 - 6*j + 13. Let i be x(-7). Suppose -1367 = -i*w + 673. What are the prime factors of w?
2, 5, 17
Suppose -f = 3*q - 5870 + 1391, 16 = -4*q. What are the prime factors of f?
3, 499
Let r be ((-8)/6 - (-23)/(-138))/((-2)/(-4)). Let y(k) = -k**3 + 2*k**2 - 3*k + 1. Let x be y(2). List the prime factors of r/(-2)*-5*72/x.
2, 3
Suppose 3*k = -4*w + 265, -2*k + 5 + 1 = 0. Let o = w + -54. Suppose 80 = -o*z + 12*z. What are the prime factors of z?
2, 5
Suppose 19*x + 43388 = 24*x - 4*n, -4*x = 5*n - 34735. List the prime factors of x.
2, 5, 7, 31
Let r(x) = 489*x + 7821. What are the prime factors of r(34)?
3, 29, 281
Suppose -4*a - 6*y = -367500, 44*a + 2*y - 275640 = 41*a. What are the prime factors of a?
2, 3, 13, 19, 31
Let n be 4/(-10) + (-2432)/(-5). Suppose -3*h = 3*f - 756, 0*f + n = 2*f - 4*h. What are the prime factors of f?
3, 83
Suppose -20736 = -0*u - 6*u. Suppose -14*f = -6*f - u. What are the prime factors of f?
2, 3
Let u(w) = 1457*w**2 + 210*w + 1216. List the prime factors of u(-6).
2, 6551
Suppose 0 = 5*h + 3*l - 865, 0 = 17*h - 15*h + 3*l - 355. Suppose 0 = -0*k - 5*k - 3*s + h, k - 4*s = 5